{"id":133,"date":"2015-12-13T23:34:30","date_gmt":"2015-12-13T23:34:30","guid":{"rendered":"http:\/\/sterzingermoos.it\/hotel\/?page_id=133"},"modified":"2026-01-02T12:18:40","modified_gmt":"2026-01-02T12:18:40","slug":"skiverguengen-am-rosskopf","status":"publish","type":"page","link":"https:\/\/sterzingermoos.it\/hotel\/urlaub-sterzing\/skiverguengen-am-rosskopf\/","title":{"rendered":"Skiverg\u00fcngen am Ro\u00dfkopf"},"content":{"rendered":"<style type=\"text\/css\"> \n#cmsmasters_row_69ff05d9bdddc8_86953553 .cmsmasters_row_outer_parent { \n\tpadding-top: 50px; \n} \n\n#cmsmasters_row_69ff05d9bdddc8_86953553 .cmsmasters_row_outer_parent { \n\tpadding-bottom: 40px; \n} \n\n \n#cmsmasters_row_69ff05d9bdf331_01421173 .cmsmasters_row_outer_parent { \n\tpadding-top: 0px; \n} \n\n#cmsmasters_row_69ff05d9bdf331_01421173 .cmsmasters_row_outer_parent { \n\tpadding-bottom: 50px; \n} \n\n \n#cmsmasters_heading_69ff05d9be4d84_98232378 { \n\ttext-align:left; \n\tmargin-top:0px; \n\tmargin-bottom:20px; \n} \n\n#cmsmasters_heading_69ff05d9be4d84_98232378 .cmsmasters_heading { \n\ttext-align:left; \n} \n\n#cmsmasters_heading_69ff05d9be4d84_98232378 .cmsmasters_heading, #cmsmasters_heading_69ff05d9be4d84_98232378 .cmsmasters_heading a { \n\tfont-weight:normal; \n\tfont-style:normal; \n} \n\n#cmsmasters_heading_69ff05d9be4d84_98232378 .cmsmasters_heading_divider { \n} \n\n<\/style><div id=\"cmsmasters_row_69ff05d9bdddc8_86953553\" class=\"cmsmasters_row cmsmasters_color_scheme_default cmsmasters_row_top_default cmsmasters_row_bot_default cmsmasters_row_boxed\">\n<div class=\"cmsmasters_row_outer_parent\">\n<div class=\"cmsmasters_row_outer\">\n<div class=\"cmsmasters_row_inner\">\n<div class=\"cmsmasters_row_margin\">\n<div class=\"cmsmasters_column one_first\">\n<div class=\"cmsmasters_text\">\n<h2>Hotel f\u00fcr Ihren Skiurlaub in Sterzing<br \/>\nDer Ski- und Freizeitberg Ro\u00dfkopf<\/h2>\n<p>Vom Stadtzentrum sind es nur wenige Schritte bis zur Talstation des Skigebiets Ro\u00dfkopf, dem Sterzinger Hausberg, Skifahrer, Rodler und Winter-Wanderer finden auf den 2000 m hohen Ro\u00dfkopf eine schneesichere Winterlandschaft und einen beeindruckenden Panorama-Rundblick. Das familienfreundliche Skigebiet bietet bestens pr\u00e4parierte Pisten, sowohl f\u00fcr Anf\u00e4nger, als auch f\u00fcr ambitionierte Skifahrer.<br \/>\nAuf Rodler wartet die l\u00e4ngste, beschneite und beleuchtete Rodelbahn Italiens mit einer L\u00e4nge von 9,6 km.<\/p>\n<\/div>\n<\/div>\n<\/div>\n<\/div>\n<\/div>\n<\/div>\n<\/div>\n<div id=\"cmsmasters_row_69ff05d9bdf331_01421173\" class=\"cmsmasters_row cmsmasters_color_scheme_default cmsmasters_row_top_default cmsmasters_row_bot_default cmsmasters_row_boxed\">\n<div class=\"cmsmasters_row_outer_parent\">\n<div class=\"cmsmasters_row_outer\">\n<div class=\"cmsmasters_row_inner\">\n<div class=\"cmsmasters_row_margin\">\n<div class=\"cmsmasters_column one_half\">\n<div class=\"cmsmasters_content_slider_wrap\" style=\"max-width:px;\">\n<script type=\"text\/javascript\">jQuery(document).ready(function () { jQuery(\"#cmsmasters_slider_69ff05d9bdfb39_39382661.cmsmasters_content_slider\").owlCarousel( { singleItem : true, transitionStyle: false, rewindSpeed : 1000, slideSpeed : 600, autoHeight : true, paginationSpeed : \t600, autoPlay : 7000,stopOnHover: true, navigationText : \t[ \"<span class=\\\"cmsmasters_prev_arrow\\\"><span><\/span><\/span>\", \"<span class=\\\"cmsmasters_next_arrow\\\"><span><\/span><\/span>\" ] } );} );<\/script>\n<div id=\"cmsmasters_slider_69ff05d9bdfb39_39382661\" class=\"cmsmasters_content_slider cmsmasters_owl_slider owl-carousel\">\n<div class=\"cmsmasters_content_slider_item\"><img loading=\"lazy\" decoding=\"async\" width=\"1000\" height=\"793\" src=\"https:\/\/sterzingermoos.it\/hotel\/wp-content\/uploads\/2015\/12\/rosskopf-apres-ski.jpg\" class=\"attachment-full size-full\" alt=\"\" srcset=\"https:\/\/sterzingermoos.it\/hotel\/wp-content\/uploads\/2015\/12\/rosskopf-apres-ski.jpg 1000w, https:\/\/sterzingermoos.it\/hotel\/wp-content\/uploads\/2015\/12\/rosskopf-apres-ski-300x238.jpg 300w, https:\/\/sterzingermoos.it\/hotel\/wp-content\/uploads\/2015\/12\/rosskopf-apres-ski-768x609.jpg 768w, https:\/\/sterzingermoos.it\/hotel\/wp-content\/uploads\/2015\/12\/rosskopf-apres-ski-200x159.jpg 200w, https:\/\/sterzingermoos.it\/hotel\/wp-content\/uploads\/2015\/12\/rosskopf-apres-ski-580x460.jpg 580w, https:\/\/sterzingermoos.it\/hotel\/wp-content\/uploads\/2015\/12\/rosskopf-apres-ski-860x682.jpg 860w\" sizes=\"auto, (max-width: 1000px) 100vw, 1000px\" \/><\/div><div class=\"cmsmasters_content_slider_item\"><img loading=\"lazy\" decoding=\"async\" width=\"1000\" height=\"793\" src=\"https:\/\/sterzingermoos.it\/hotel\/wp-content\/uploads\/2015\/12\/skifahren-suedtirol.jpg\" class=\"attachment-full size-full\" alt=\"\" srcset=\"https:\/\/sterzingermoos.it\/hotel\/wp-content\/uploads\/2015\/12\/skifahren-suedtirol.jpg 1000w, https:\/\/sterzingermoos.it\/hotel\/wp-content\/uploads\/2015\/12\/skifahren-suedtirol-300x238.jpg 300w, https:\/\/sterzingermoos.it\/hotel\/wp-content\/uploads\/2015\/12\/skifahren-suedtirol-768x609.jpg 768w, https:\/\/sterzingermoos.it\/hotel\/wp-content\/uploads\/2015\/12\/skifahren-suedtirol-200x159.jpg 200w, https:\/\/sterzingermoos.it\/hotel\/wp-content\/uploads\/2015\/12\/skifahren-suedtirol-580x460.jpg 580w, https:\/\/sterzingermoos.it\/hotel\/wp-content\/uploads\/2015\/12\/skifahren-suedtirol-860x682.jpg 860w\" sizes=\"auto, (max-width: 1000px) 100vw, 1000px\" \/><\/div><div class=\"cmsmasters_content_slider_item\"><img loading=\"lazy\" decoding=\"async\" width=\"1000\" height=\"793\" src=\"https:\/\/sterzingermoos.it\/hotel\/wp-content\/uploads\/2015\/12\/rodeln-am-rosskopf.jpg\" class=\"attachment-full size-full\" alt=\"\" srcset=\"https:\/\/sterzingermoos.it\/hotel\/wp-content\/uploads\/2015\/12\/rodeln-am-rosskopf.jpg 1000w, https:\/\/sterzingermoos.it\/hotel\/wp-content\/uploads\/2015\/12\/rodeln-am-rosskopf-300x238.jpg 300w, https:\/\/sterzingermoos.it\/hotel\/wp-content\/uploads\/2015\/12\/rodeln-am-rosskopf-768x609.jpg 768w, https:\/\/sterzingermoos.it\/hotel\/wp-content\/uploads\/2015\/12\/rodeln-am-rosskopf-200x159.jpg 200w, https:\/\/sterzingermoos.it\/hotel\/wp-content\/uploads\/2015\/12\/rodeln-am-rosskopf-580x460.jpg 580w, https:\/\/sterzingermoos.it\/hotel\/wp-content\/uploads\/2015\/12\/rodeln-am-rosskopf-860x682.jpg 860w\" sizes=\"auto, (max-width: 1000px) 100vw, 1000px\" \/><\/div><div class=\"cmsmasters_content_slider_item\"><\/div><\/div>\n<\/div>\n<\/div>\n<div class=\"cmsmasters_column one_half\">\n\n<div id=\"cmsmasters_heading_69ff05d9be4d84_98232378\" class=\"cmsmasters_heading_wrap cmsmasters_heading_align_left\">\n\t<h4 class=\"cmsmasters_heading\">In unmittelbarer N\u00e4he befinden sich zwei weitere Skigebiete:<\/h4>\n<\/div><div class=\"cmsmasters_text\">\n<p>Das <strong>Skigebiet Ratschings-Jaufen<\/strong> erstreckt sich von 1.300 m bis 2.150 m. Es geh\u00f6rt zu den modernsten, schneesichersten S\u00fcdtirols. 25 km leichte bis mittelschwere Pisten stehen Ihnen f\u00fcr Ihr Schneevergn\u00fcgen zur Verf\u00fcgung. Auch die Rodler kommen auf Ihre Kosten, eine 5km lange Bahn bringt Sie von der Bergstation ins Tal.<\/p>\n<p>Das <strong>Skigebiet Ladurns im Pflerschtal<\/strong> mit seinen 15 km Pisten garantiert H\u00e4nge f\u00fcr alle Levels. Schneesichere, leichte bis schwere Pisten, Funpark f\u00fcr Snowborder und eine 6,5 km lange Rodelbahn zur Talstation begeistern Jung und Alt.<br \/>\nMit dem &#8222;Skipass S\u00fcdtiroler Wipptal &#8220;\u00a0 k\u00f6nnen Sie die Pisten aller drei Skigebiete testen.<\/p>\n<p><strong>Pfitschtal &#8211; Skitouren f\u00fcr Anspruchsvolle<\/strong><br \/>\nPfitschtal ist kein Tal f\u00fcr Anf\u00e4nger. Kantige W\u00e4nde, steile Rinnen, Eisschnee und Wind: An der &#8222;Bischofsm\u00fctze&#8220; und in der Hochfeiler Nordwand bei\u00dfen sich Tourenerfahrene die Z\u00e4hne aus. Absolute Schwindelfreiheit und sichere Spitzkehrentechnik verlangen auch die Grabspitze, der Schrammacher, die Felbe, die Wilde Kreuzspitze, Rotes Beil,&#8220;Rotbachler&#8220; und die Hohe Wand ab. Tourensaison haben die Gipfel, wenn im Tal schon die Krokuse bl\u00fchen.<\/p>\n<p>Auch in den Seitent\u00e4lern Ridnaun, Ratschings, Jaufental und Pflerschtal kommen Skitourengeher und Schneeschuhwanderer auf Ihre Kosten.<br \/>\nAuf der Webseite <a href=\"http:\/\/www.sentres.com\" target=\"_blank\" rel=\"noopener\">sentres.com<\/a> k\u00f6nnen Sie sich einige Tourvorschl\u00e4ge im Wipptal anschauen.<\/p>\n<\/div>\n<\/div>\n<\/div>\n<\/div>\n<\/div>\n<\/div>\n<\/div>\n\n","protected":false},"excerpt":{"rendered":"","protected":false},"author":1,"featured_media":0,"parent":16,"menu_order":0,"comment_status":"closed","ping_status":"closed","template":"","meta":{"footnotes":""},"class_list":["post-133","page","type-page","status-publish","hentry"],"_links":{"self":[{"href":"https:\/\/sterzingermoos.it\/hotel\/wp-json\/wp\/v2\/pages\/133","targetHints":{"allow":["GET"]}}],"collection":[{"href":"https:\/\/sterzingermoos.it\/hotel\/wp-json\/wp\/v2\/pages"}],"about":[{"href":"https:\/\/sterzingermoos.it\/hotel\/wp-json\/wp\/v2\/types\/page"}],"author":[{"embeddable":true,"href":"https:\/\/sterzingermoos.it\/hotel\/wp-json\/wp\/v2\/users\/1"}],"replies":[{"embeddable":true,"href":"https:\/\/sterzingermoos.it\/hotel\/wp-json\/wp\/v2\/comments?post=133"}],"version-history":[{"count":7,"href":"https:\/\/sterzingermoos.it\/hotel\/wp-json\/wp\/v2\/pages\/133\/revisions"}],"predecessor-version":[{"id":5749,"href":"https:\/\/sterzingermoos.it\/hotel\/wp-json\/wp\/v2\/pages\/133\/revisions\/5749"}],"up":[{"embeddable":true,"href":"https:\/\/sterzingermoos.it\/hotel\/wp-json\/wp\/v2\/pages\/16"}],"wp:attachment":[{"href":"https:\/\/sterzingermoos.it\/hotel\/wp-json\/wp\/v2\/media?parent=133"}],"curies":[{"name":"wp","href":"https:\/\/api.w.org\/{rel}","templated":true}]}}